me?
False
Let i = 30 - 18. Suppose i = t + 2*t. Suppose t*d - 543 = d. Is d prime?
True
Let y(a) = -44*a + 7. Let h(m) = -7*m**3 - m. Let v be h(1). Let z(r) = -131*r + 20. Let c(u) = v*y(u) + 3*z(u). Is c(-3) prime?
True
Suppose -2*a + 4*a = 184. Suppose 0 = -9*w + 7*w + a. Is w a composite number?
True
Let o(u) = u**2. Let w(f) = -7*f**2 + 2*f + 7. Let v(r) = -3*o(r) - w(r). Suppose 0*x = -2*x + 20. Is v(x) composite?
False
Let f be ((-125)/2)/((-2)/28). Suppose 2*i + 2*t = -f + 2401, 0 = i + 4*t - 778. Is i composite?
True
Let t(p) = 174*p + 121. Is t(19) a prime number?
False
Is 4684 + 1 - (-3 + 9) prime?
True
Let g(k) = -297*k - 1. Let r be g(1). Let j = r - -565. Let p = j + 40. Is p prime?
True
Let r = -3202 - -2169. Let h = -731 - r. Is h prime?
False
Suppose -17*h = -327548 - 620423. Is h a composite number?
False
Let k(s) = 31*s + 41. Let z be k(12). Let l = z - 244. Is l prime?
False
Let x(v) = 29*v**2 - 8*v + 7. Let n(i) = -2*i**2 + i - 4. Let l be n(0). Is x(l) a prime number?
True
Let r = 15 - -8. Let m(o) = o**2 - 36. Is m(r) a composite number?
True
Let k = 1 - -4. Suppose -3*u - 11 = -k. Let j(s) = -18*s**3 - 4*s**2 - 2*s + 2. Is j(u) a composite number?
True
Let d(j) = -60*j**3 - 6*j**2 - 3*j + 7. Let o(z) = 61*z**3 + 6*z**2 + 3*z - 7. Let b(y) = -4*d(y) - 5*o(y). Is b(-3) a composite number?
True
Suppose 5*q - 32700 = 5*s, 13*s + 13077 = 2*q + 14*s. Is q prime?
False
Let g = 28 - 23. Suppose -626 - 1389 = -g*u. Is u prime?
False
Let n = 0 + 3. Suppose -h - 4*h = -135. Is (-84)/(-9)*h - n a composite number?
True
Suppose -4*d = -2*d. Suppose d = 3*w + 3*o - 12, 9 - 1 = -3*w + 2*o. Suppose w = -3*l + 853 + 134. Is l a composite number?
True
Let c = -23 + 25. Let j(z) = z**2 - z + 1. Let p(v) = -59*v**2 + 7*v - 7. Let n(u) = -6*j(u) - p(u). Is n(c) a composite number?
False
Suppose 246*u - 258*u + 688404 = 0. Is u composite?
False
Let f be (4 + (-12)/9)*3. Suppose 6 = 4*b - 2*l - f, 5*b = -5*l + 25. Suppose 0*q - b*q = -1004. Is q a composite number?
False
Let k = 42 - 33. Suppose k*y - 5*y = 2284. Is y a prime number?
True
Let g(k) = 32813*k - 60. Is g(1) prime?
False
Suppose -430*c - 148273 = -461*c. Is c a prime number?
True
Let x = 1163 - -3876. Is x a prime number?
True
Is 11646 - (-5)/(-2 + 1) composite?
True
Suppose 5*v - v + 236 = 0. Let a be (6 + -5)/(4/368). Let c = v + a. Is c a composite number?
True
Let v = -13 + -2. Is (v/(-10) - -4)*58 composite?
True
Let y = 19 - 19. Suppose -5*c = -y*c - 2470. Suppose -14*q = -16*q + c. Is q a composite number?
True
Suppose -32 - 8 = 5*m. Let g(n) = -5*n**3 - 16*n**2 - 2*n + 9. Is g(m) composite?
True
Let q(i) be the first derivative of -41*i**2 - 12. Is q(-1) a composite number?
True
Let m = -22174 - -65621. Is m a prime number?
False
Suppose 0 = -6*n + 273 - 57. Let d be ((-63)/n)/(1/4). Let y(c) = 12*c**2 + 3*c - 10. Is y(d) a composite number?
False
Suppose -2*y = 2*m - 16, 2*y - 4*m - 16 = -5*m. Suppose 31094 = y*g + 6*g. Is g prime?
True
Let k(n) = -7*n - 10. Let j be k(-5). Is j/(-5)*5/(25/(-22)) prime?
False
Let w = -351 - 65. Let t = w + 895. Is t composite?
False
Let u be (-9)/(-6) - 3/(-6). Suppose 0*o - l + 83 = 2*o, 0 = -2*l - u. Let b = 395 - o. Is b prime?
True
Suppose 378 = -8*l + 7*l. Let t = l + 634. Let z = t - -153. Is z prime?
True
Let f(p) = p + 12. Let g be f(-7). Suppose -g*v - 221 = -6*v. Is v prime?
False
Let y(l) = l**3 + 20*l**2 + l + 26. Let r be y(-20). Suppose -3*k = 4*n - 5*n - 20, -4*k + n = -28. Suppose k*s - r*s - 446 = 0. Is s a composite number?
False
Suppose 0 = 23*j + 438672 - 1850734. Is j a composite number?
True
Suppose 19*d - 24*d + 12775 = 0. Suppose -d = -10*k + 2175. Is k a prime number?
False
Suppose 2358 = 6*o + 630. Suppose 0 = 2*s - o - 2348. Is s a prime number?
False
Suppose -15*c + 3*p = -12*c - 14958, -19939 = -4*c + 3*p. Is c composite?
True
Suppose -4473 + 329 = -4*k. Suppose -j + 346 = -3*q + 87, -q = -4*j + k. Is j prime?
False
Let o(w) = 4*w**2 - w - 35. Is o(-12) composite?
True
Let h be 24*(4/4 - 3). Let k = -25 - h. Let a = k + 180. Is a a composite number?
True
Let b(r) = -5*r + 2*r**2 + 2*r + 2*r + 6. Suppose 35 = -5*m + 10*m. Is b(m) a prime number?
True
Let a = -236 + 557. Suppose -4*m = -3*m - a. Is m a composite number?
True
Let w(l) = 190*l**2 + 16*l - 47. Is w(5) composite?
False
Suppose 2*x - 4*c = 754, 2*x + 0*x - 756 = 3*c. Is x composite?
True
Suppose 3*v = 3*b + 2*b + 26, 4*b = 4*v - 40. Let d(n) = n**3 - 8*n**2 + 4*n + 7. Is d(v) composite?
False
Suppose 4*d + 2*u + 2*u = 0, 5*u = -20. Suppose -5*l = -3*t - 205 + 4422, d*t - 5612 = 4*l. Is t composite?
False
Suppose -18*p = -86867 + 35333. Is p composite?
True
Let t(o) = -o**3 - 12*o**2 - 2 - 20 + 11*o - 9. Is t(-15) prime?
True
Suppose 5*g + 40 - 235 = 0. Let x = 324 + g. Suppose -2*l = -j - x, 0*l = -3*l - j + 532. Is l a prime number?
True
Let k = 27602 - 18025. Is k prime?
False
Suppose -7*n + 666 + 937 = 0. Let r = 1 + 9. Let t = n + r. Is t a prime number?
True
Let j = -6942 - -10601. Is j prime?
True
Suppose -5*l + 40 = -0*l. Let t be ((-4)/l)/(2/(-32)). Is 1/2 + 460/t a prime number?
False
Suppose 5*i + 4*b = 7965, -45*i + 2*b = -43*i - 3204. Is i a composite number?
False
Let x = 2176 - -2091. Is x prime?
False
Let o(z) = 5*z**2 + 10*z - 41. Is o(-18) composite?
False
Suppose 4*a = -5*h + 1073, -a + 3*h = 5*h - 269. Suppose 0 = -p - 3*i - 107 + 358, 0 = -p + i + a. Is p a prime number?
True
Let q(z) = z**3 + 54*z**2 - 99*z + 1. Is q(-51) a prime number?
True
Suppose -3*k + 0*k = 3*w + 162, -4*w - k - 219 = 0. Suppose c + 211 + 139 = 0. Let d = w - c. Is d a prime number?
False
Let a = -5771 - -14254. Is a a composite number?
True
Let g(n) = 3*n + 17. Let i be g(-5). Is (2/i)/((-1)/(-3)) - -2218 prime?
True
Is (91398/(-9))/(26/(-39)) prime?
True
Suppose 5*y - 3 = 22. Suppose 0 = b + 5, -y*i + b = -3*b - 1035. Is i prime?
False
Suppose 4*m - 3563 = 209. Let q = -604 + m. Is q prime?
False
Suppose 441*l - 443*l + 11756 = 0. Is l prime?
False
Let i(s) = s**3 - 8*s**2 - 3*s + 10. Let v be i(8). Let j be 42/4 - 7/v. Suppose -j*f - 1172 = -15*f. Is f a composite number?
False
Is (5/(-15))/((49/119049)/(-7)) a composite number?
False
Suppose 9 = -3*u - o + 20, 0 = -4*u + o + 17. Suppose -5*t - 5*m = -t - 281, 5*t + u*m - 349 = 0. Is t composite?
True
Is (0 - -3 - 2)/(3/381093) composite?
False
Let b(o) = 2*o**2 + 24*o + 21. Suppose -18 = -14*n + 15*n. Is b(n) a composite number?
True
Suppose 3*q - 7*q + 3*k + 10331 = 0, 0 = 2*q - 2*k - 5168. Is q prime?
True
Suppose 0 = 22*a - 44544 - 259562. Is a a composite number?
True
Suppose 0 = 11*i - 14*i - 5*c + 8324, c = 1. Is i a prime number?
False
Is (-5 - (3/(-9) - 5))*609 composite?
True
Let u = 16464 - 9685. Is u composite?
False
Suppose -m - z + 2 = 0, 2*m - 3*z = -4*z + 4. Let s(w) = -12*w**m - 4 + 4*w**3 + w**3 - 4*w**3 - 14*w - 1. Is s(14) composite?
False
Let u = 61769 - 40302. Is u a composite number?
False
Suppose -4*p = -3*p - 23. Let d = 38 + p. Let k = d + -38. Is k composite?
False
Let k = 2853 + 3614. Suppose 2*b - k = -5*z - 2*b, 3*b - 9 = 0. Is z a prime number?
True
Suppose 840 = t + 2*c - 6*c, -5*t + 4075 = 5*c. Suppose 4*b - t = -108. Is b a prime number?
False
Suppose -3*a - 9 = l, l - 4*a = -2*l + 25. Suppose 779 = w + 2*i, -2*w + 7*w = -l*i + 3916. Suppose -x + 6*x - w = 0. Is x prime?
True
Let t(k) = -133*k + 39. Let l be t(-12). Suppose -3*z = -l - 270. Is z composite?
True
Let d(b) = b**3 + 8*b**2 - b - 6. Let g be d(-8). Suppose -g*j + n - 4093 = 0, -4*n = j + 3*j + 8216. Let l = -1414 - j. Is l a composite number?
True
Suppose 3*h + 4969 = -i + 5*i, -1 = -h. Is i prime?
False
Let p = -41684 - -73119. Is p a prime number?
False
Suppose -4*d + 65001 = -k, 0*k + 25 = -5*k. Is d composite?
False
Let c(g) = -g**3 - 3*g**2 + 10*g + 26. Let i be c(-11). Let t = -505 + i. Is t composite?
False
Let u(r) be the first derivative of r**4/4 + 8*r**3/3 - 4*r**2 + 11*r + 6. Let c be u(-9). Suppose -c*n = n - 1227. Is n a prime number?
True
Let z(k) = k**2 - 4*k + 6. Let m be z(3). Let q(y) = 98*y**2 + 3*y + 10. Is q(m) composite?
True
Is 938/(-21)*-4 + 2/6 a prime number?
True
Let g(t) = 32 - 23*t**2 - 33 - 19*t**2. Let d be g(-4). Let k = 1626 + d. Is k a prime number?
True
Let q(y) = 134